{"id":12,"date":"2017-10-12T13:13:46","date_gmt":"2017-10-12T11:13:46","guid":{"rendered":"http:\/\/catherinejarrier.com\/?page_id=12"},"modified":"2021-01-27T16:02:34","modified_gmt":"2021-01-27T15:02:34","slug":"scenographie","status":"publish","type":"page","link":"https:\/\/catherinejarrier.com\/index.php\/scenographie\/","title":{"rendered":"About &#8230;"},"content":{"rendered":"<div class=\"wpb-content-wrapper\"><p>[vc_row][vc_column width=\u00a0\u00bb1\/2&Prime;][vc_column_text]<\/p>\n<h3>about&#8230;<\/h3>\n<p><img decoding=\"async\" id=\"hola-icon-globe\" style=\"top: 7px; left: -60px;\" src=\"safari-extension:\/\/5E83869E-0437-4621-A058-3FC699C84E46\/199ea10b\/iconGlobeBlack.png\" \/>[\/vc_column_text][\/vc_column][\/vc_row][vc_row][vc_column width=\u00a0\u00bb1\/2&Prime;][vc_single_image image=\u00a0\u00bb4363&Prime; img_size=\u00a0\u00bblarge\u00a0\u00bb css_animation=\u00a0\u00bbslideInUp\u00a0\u00bb][\/vc_column][vc_column width=\u00a0\u00bb1\/2&Prime;][vc_column_text css_animation=\u00a0\u00bbslideInRight\u00a0\u00bb]<span class=\"s1\">Apr\u00e8s avoir fait mes \u00e9tudes \u00e0 l&rsquo;Ecole Nationale d&rsquo;Art de Cergy Pontoise, je travaille au centre George Pompidou o\u00f9 je collabore \u00e0 la conception et \u00e0 la r\u00e9alisation des sc\u00e9nographies sur plusieurs expositions. Chez Louis Vuitton, je participe \u00e0 la conception et \u00e0 la r\u00e9alisation de magasin dans le monde. Ces exp\u00e9riences me donne envie de confronter cette appr\u00e9hension de l&rsquo;espace, acquise dans la mus\u00e9ographie, le design et l&rsquo;architecture d&rsquo;int\u00e9rieur \u00e0 la fiction.<\/span><\/p>\n<p>Depuis 1997, mon travail de d\u00e9coratrice consiste \u00e0 inventer (avec beaucoup de plaisir), les int\u00e9rieurs et ext\u00e9rieurs des lieux de vies des personnages de fictions. Ce que j&rsquo;imagine d&rsquo;eux vient se glisser dans ce qui les entourent. Leur d\u00e9cor devient un lieu comme s&rsquo;il avait toujours exist\u00e9, quelque soit l&rsquo;\u00e9poque. C&rsquo;est aussi de la rencontre avec ces personnages fictifs, que nait l&rsquo;envie de mettre en sc\u00e8nes dans les sc\u00e9nographies leurs traces et leurs empreintes, devenues visibles en leur absence&#8230;[\/vc_column_text][\/vc_column][\/vc_row]<\/p>\n<\/div>","protected":false},"excerpt":{"rendered":"<p>[vc_row][vc_column width=\u00a0\u00bb1\/2&Prime;][vc_column_text] about&#8230; [\/vc_column_text][\/vc_column][\/vc_row][vc_row][vc_column width=\u00a0\u00bb1\/2&Prime;][vc_single_image image=\u00a0\u00bb4363&Prime; img_size=\u00a0\u00bblarge\u00a0\u00bb css_animation=\u00a0\u00bbslideInUp\u00a0\u00bb][\/vc_column][vc_column width=\u00a0\u00bb1\/2&Prime;][vc_column_text css_animation=\u00a0\u00bbslideInRight\u00a0\u00bb]Apr\u00e8s avoir fait mes \u00e9tudes \u00e0 l&rsquo;Ecole Nationale d&rsquo;Art de Cergy Pontoise, je travaille au centre George Pompidou o\u00f9 je collabore \u00e0 la conception et \u00e0 la r\u00e9alisation des sc\u00e9nographies sur plusieurs expositions. Chez Louis Vuitton, je participe \u00e0 la conception et \u00e0 la r\u00e9alisation de&hellip;<\/p>\n","protected":false},"author":1,"featured_media":0,"parent":0,"menu_order":0,"comment_status":"closed","ping_status":"closed","template":"","meta":{"_acf_changed":false,"footnotes":""},"acf":[],"_links":{"self":[{"href":"https:\/\/catherinejarrier.com\/index.php\/wp-json\/wp\/v2\/pages\/12"}],"collection":[{"href":"https:\/\/catherinejarrier.com\/index.php\/wp-json\/wp\/v2\/pages"}],"about":[{"href":"https:\/\/catherinejarrier.com\/index.php\/wp-json\/wp\/v2\/types\/page"}],"author":[{"embeddable":true,"href":"https:\/\/catherinejarrier.com\/index.php\/wp-json\/wp\/v2\/users\/1"}],"replies":[{"embeddable":true,"href":"https:\/\/catherinejarrier.com\/index.php\/wp-json\/wp\/v2\/comments?post=12"}],"version-history":[{"count":99,"href":"https:\/\/catherinejarrier.com\/index.php\/wp-json\/wp\/v2\/pages\/12\/revisions"}],"predecessor-version":[{"id":4764,"href":"https:\/\/catherinejarrier.com\/index.php\/wp-json\/wp\/v2\/pages\/12\/revisions\/4764"}],"wp:attachment":[{"href":"https:\/\/catherinejarrier.com\/index.php\/wp-json\/wp\/v2\/media?parent=12"}],"curies":[{"name":"wp","href":"https:\/\/api.w.org\/{rel}","templated":true}]}}